e hundreds digit of 428847?
8
What is the ten thousands digit of 7080564?
8
What is the units digit of 13420952?
2
What is the hundred thousands digit of 141903?
1
What is the tens digit of 21886569?
6
What is the thousands digit of 2698283?
8
What is the hundreds digit of 2068316?
3
What is the ten thousands digit of 1187292?
8
What is the tens digit of 6267458?
5
What is the ten millions digit of 27551039?
2
What is the hundred thousands digit of 128494?
1
What is the tens digit of 27484?
8
What is the hundreds digit of 941667?
6
What is the units digit of 5323256?
6
What is the tens digit of 140903?
0
What is the thousands digit of 726749?
6
What is the ten thousands digit of 2761268?
6
What is the units digit of 193534?
4
What is the tens digit of 2887957?
5
What is the thousands digit of 5639250?
9
What is the units digit of 4805816?
6
What is the tens digit of 225028?
2
What is the hundred thousands digit of 29256372?
2
What is the hundred thousands digit of 217125?
2
What is the hundred thousands digit of 375091?
3
What is the hundreds digit of 8753901?
9
What is the millions digit of 7164459?
7
What is the hundreds digit of 3793538?
5
What is the hundreds digit of 260056?
0
What is the units digit of 794019?
9
What is the hundred thousands digit of 2295833?
2
What is the ten thousands digit of 797952?
9
What is the hundred thousands digit of 895838?
8
What is the thousands digit of 2377798?
7
What is the ten thousands digit of 144864?
4
What is the hundred thousands digit of 149542?
1
What is the hundred thousands digit of 4348840?
3
What is the units digit of 8267063?
3
What is the hundreds digit of 715647?
6
What is the tens digit of 331320?
2
What is the hundred thousands digit of 1402310?
4
What is the tens digit of 1881108?
0
What is the tens digit of 7955289?
8
What is the tens digit of 4894129?
2
What is the thousands digit of 142256?
2
What is the ten thousands digit of 313954?
1
What is the millions digit of 4006251?
4
What is the tens digit of 8735908?
0
What is the hundred thousands digit of 411993?
4
What is the ten thousands digit of 581751?
8
What is the thousands digit of 22245078?
5
What is the hundred thousands digit of 303625?
3
What is the tens digit of 226033?
3
What is the tens digit of 874402?
0
What is the tens digit of 1949623?
2
What is the units digit of 573225?
5
What is the hundreds digit of 3241303?
3
What is the hundred thousands digit of 4163357?
1
What is the hundred thousands digit of 197098?
1
What is the thousands digit of 2321920?
1
What is the ten thousands digit of 546610?
4
What is the hundreds digit of 437644?
6
What is the hundreds digit of 423944?
9
What is the ten thousands digit of 1077586?
7
What is the ten thousands digit of 1408216?
0
What is the hundreds digit of 202934?
9
What is the ten thousands digit of 3394605?
9
What is the hundreds digit of 1572446?
4
What is the millions digit of 2277259?
2
What is the hundreds digit of 172168?
1
What is the units digit of 998415?
5
What is the hundreds digit of 285882?
8
What is the hundred thousands digit of 1416652?
4
What is the units digit of 6724008?
8
What is the hundred thousands digit of 1239885?
2
What is the hundreds digit of 179519?
5
What is the units digit of 15937599?
9
What is the thousands digit of 1813890?
3
What is the ten thousands digit of 5818470?
1
What is the ten thousands digit of 2034835?
3
What is the tens digit of 230699?
9
What is the millions digit of 2873140?
2
What is the hundred thousands digit of 1262440?
2
What is the units digit of 199390?
0
What is the ten thousands digit of 9056201?
5
What is the ten thousands digit of 4402883?
0
What is the thousands digit of 1467965?
7
What is the hundred thousands digit of 13936376?
9
What is the thousands digit of 653275?
3
What is the tens digit of 26944?
4
What is the hundreds digit of 225893?
8
What is the ten thousands digit of 376081?
7
What is the ten thousands digit of 155954?
5
What is the tens digit of 370404?
0
What is the ten thousands digit of 782651?
8
What is the units digit of 563405?
5
What is the tens digit of 70918?
1
What is the tens digit of 19475183?
8
What is the hundred thousands digit of 117196?
1
What is the units digit of 1769544?
4
What is the units digit of 12137367?
7
What is the hundred thousands digit of 723728?
7
What is the hundred thousands digit of 5943159?
9
What is the tens digit of 5678917?
1
What is the hundred thousands digit of 165839?
1
What is the hundreds digit of 234329?
3
What is the hundred thousands digit of 149222?
1
What is the hundred thousands digit of 730660?
7
What is the units digit of 375747?
7
What is the units digit of 24708242?
2
What is the hundred thousands digit of 6256013?
2
What is the thousands digit of 9480821?
0
What is the hundred thousands digit of 9694756?
6
What is the hundred thousands digit of 1333685?
3
What is the ten millions digit of 17362618?
1
What is the hundreds digit of 564971?
9
What is the hundreds digit of 499934?
9
What is the hundred thousands digit of 555984?
5
What is the hundred thousands digit of 6653759?
6
What is the units digit of 4625306?
6
What is the ten thousands digit of 304968?
0
What is the ten thousands digit of 947518?
4
What is the hundred thousands digit of 683632?
6
What is the hundred thousands digit of 8148683?
1
What is the millions digit of 19990278?
9
What is the millions digit of 2093965?
2
What is the millions digit of 23966212?
3
What is the hundreds digit of 9083841?
8
What is the ten thousands digit of 18424637?
2
What is the units digit of 577502?
2
What is the thousands digit of 8931548?
1
What is the units digit of 903038?
8
What is the units digit of 400689?
9
What is the ten thousands digit of 867045?
6
What is the hundreds digit of 2342652?
6
What is the units digit of 176920?
0
What is the hundreds digit of 4930270?
2
What is the ten thousands digit of 6257228?
5
What is the units digit of 181630?
0
What is the hundred thousands digit of 872872?
8
What is the thousands digit of 956735?
6
What is the ten thousands digit of 13568592?
6
What is the tens digit of 466277?
7
What is the units digit of 28968?
8
What is the thousands digit of 755662?
5
What is the thousands digit of 184795?
4
What is the units digit of 3583080?
0
What is the units digit of 5496256?
6
What is the units digit of 330116?
6
What is the tens digit of 4089744?
4
What is the ten thousands digit of 248174?
4
What is the units digit of 1118257?
7
What is the hundreds digit of 6350370?
3
What is the hundreds digit of 471892?
8
What is the units digit of 15390?
0
What is the tens digit of 18353707?
0
What is the tens digit of 70254?
5
What is the hundred thousands digit of 226460?
2
What is the ten thousands digit of 27023480?
2
What is the hundreds digit of 403939?
9
What is the units digit of 26312792?
2
What is the hundred thousands digit of 969877?
9
What is the thousands digit of 1228240?
8
What is the hundred thousands digit of 241234?
2
What is the hundreds digit of 226091?
0
What is the hundreds digit of 234538?
5
What is the millions digit of 10081025?
0
What is the thousands digit of 954592?
4
What is the units digit of 1060207?
7
What is the tens digit of 27481207?
0
What is the thousands digit of 940323?
0
What is the tens digit of 39824031?
3
What is the ten millions digit of 13841487?
1
What is the units digit of 36207303?
3
What is the units digit of 164981?
1
What is the tens digit of 179353?
5
What is the thousands digit of 7840271?
0
What is the hundred thousands digit of 6992284?
9
What is the tens digit of 214047?
4
What is the units digit of 318620?
0
What is the units digit of 348596?
6
What is the units digit of 1583889?
9
What is the units digit of 16691238?
8
What is the thousands digit of 296294?
6
What is the hundred thousands digit of 19060557?
0
What is the units digit of 8542256?
6
What is the units digit of 420597?
7
What is the hundred thousands digit of 1672472?
6
What is the hundreds digit of 2624779?
7
What is the ten thousands digit of 128047?
2
What is the hundred thousands digit of 1308797?
3
What is the ten thousands digit of 162449?
6
What is the hundreds digit of 531353?
3
What is the ten thousands digit of 19973461?
7
What is the units digit